 72*l - 6 = 0. Calculate the remainder when 0 + -6 + 2 - z/(-10) is divided by 108.
105
Let m(t) = -507*t + 10151. Calculate the remainder when 12197 is divided by m(20).
9
Let r = 252 - 268. Let b = r - -35. What is the remainder when 92 is divided by b?
16
Let s(l) = -4*l - 2. Calculate the remainder when s(-4) is divided by ((-29)/(-116))/((-9)/((-3960)/11)).
4
Let x(f) = -2*f**2 - 8*f + 53. What is the remainder when (-1 + 3)*(-3 + (-524)/(-8)) is divided by x(-6)?
9
Let n(z) be the third derivative of z**6/40 - z**4/6 - 5*z**2. Let m = 35 + 27. What is the remainder when m is divided by n(2)?
14
Let n(i) = i**2 - 15*i + 16. Let k be n(11). Let t = k - 46. Let b = t - -117. What is the remainder when b is divided by 15?
13
Suppose -7*q + 959 - 91 = 98. Calculate the remainder when 1460 is divided by q.
30
Suppose -3610 = 310*r - 329*r. Calculate the remainder when r is divided by 30.
10
Let w be (-30)/(-8)*(1 - 13). Let q = -167 - w. What is the remainder when -8*(q/8 - 3) is divided by 37?
35
Let r(k) = -2*k**2 + 43*k - 29. Suppose -12*p + 9*p - 3 = 0. Let t be p/8 + 1449/72. What is the remainder when r(t) is divided by 16?
15
Suppose -38*d + 18*d + 122030 = 2630. Calculate the remainder when d is divided by 206.
202
Suppose 0 = -f - 4 + 7. Suppose -k = k - 2*x + 188, 0 = f*k - 4*x + 284. What is the remainder when ((-30)/20)/(6/k) is divided by 8?
7
Suppose -3*i + 3*r - r = -35, -4*r = -4*i + 40. Suppose -i*n + 12*n + 4 = 2*p, 20 = -5*n. What is the remainder when 141 is divided by p?
5
Suppose -t - 2*k = -750, 83*t - k = 87*t - 2944. Calculate the remainder when t is divided by 718.
16
Let x(a) = 3*a**2 - 2*a + 2. Suppose 192 - 58 = 2*n. What is the remainder when n is divided by x(2)?
7
Calculate the remainder when 168 is divided by (-25 + 13)*(-37)/6.
20
Suppose 0 = 834*i - 816*i - 4860. What is the remainder when 282 is divided by i?
12
Suppose 0 = -5*x - 4*f - f + 55, 0 = -4*f + 12. Let z be (-3)/(((-6)/x)/1). Calculate the remainder when -4 + (-348)/(-8) + (-6)/z is divided by 10.
8
Let h = 71588 - 71531. Let m(z) = -16*z - 8. What is the remainder when m(-8) is divided by h?
6
Let s(u) = -u**3 - 3*u**2 + 18*u + 79. Let f be s(-11). Suppose -13*c + f = -22. What is the remainder when c is divided by 10?
7
Let j = -392 + 396. Suppose -f + 3*n - 130 + 545 = 0, j*n - 20 = 0. What is the remainder when f is divided by 54?
52
Suppose -3*x = -5*l - 17, -x - 17 = 4*x + 3*l. What is the remainder when (0 - x - (-11 - -7)) + 55 is divided by 31?
29
Suppose 127 + 86 = k + 5*t, 3 = t. What is the remainder when 6730 is divided by k?
196
Let f = -715 - -4738. What is the remainder when f is divided by 122?
119
Let t = 13 + 172. Suppose w - 13*o + 9*o - 40 = 0, -3*w = -o - 142. Calculate the remainder when t is divided by w.
41
What is the remainder when 276 is divided by (66/9*(-39)/26)/(3/(-6))?
12
Let h be (-9)/6 - (-165)/2. Let x be 1/(((-15)/h)/(-5)). What is the remainder when 2/(-1*(-1)/x) is divided by 19?
16
Let t = 35 - 36. Let i be t/(-4) + 204/16. Suppose 4 = -i*s + 14*s. What is the remainder when 17 is divided by s?
1
Suppose -9*l - 4 = -5*l, 5*l - 380 = -5*x. Suppose 57*n - x*n = -340. Calculate the remainder when 45 is divided by n.
11
Suppose -4*m - 1 = -17. Suppose -603 = -5*y - 4*p + 1079, m*y - 1344 = -4*p. What is the remainder when y is divided by 68?
66
Let z = -117 - -213. Suppose 13*u - z = 47. Calculate the remainder when 27 is divided by u.
5
Let h = -16 - -154. Calculate the remainder when 821 is divided by h.
131
Let a(x) = -45*x - 2647. What is the remainder when 2774 is divided by a(-60)?
18
What is the remainder when 882 is divided by 13 - ((-70)/7 - 166)?
126
Let o = -39547 + 39606. Calculate the remainder when 125 is divided by o.
7
Suppose -5*a - 4*j - 161 = 8, 4*a - j = -152. Let t = -24 - a. Calculate the remainder when 48 is divided by t.
9
Suppose -6*w + 7 = -w - 4*o, 5*w + o = -8. Calculate the remainder when 194 is divided by (-50)/25 - (-68 - w).
64
Suppose -3*j + 0 - 6 = 0, -114 = -2*v - 3*j. Let g = v - 50. Suppose 2*y - 1 = 75. Calculate the remainder when y is divided by g.
8
Let b = 127 - 61. Suppose 12 = -9*a + b. Calculate the remainder when 87/9 + 4/(-6) is divided by a.
3
Let m(u) = 4*u**2 - 55*u - 13. Let q be m(15). Suppose -177*y - q = -178*y. What is the remainder when y is divided by 14?
6
Suppose -13*x + 11*x = -h + 46, 3*h - 183 = -3*x. Suppose h + 19 = 15*s. What is the remainder when 29 is divided by s?
4
Let k = -7207 - -7335. What is the remainder when k is divided by 47?
34
Suppose -3*a - 128 = -2*w, -3*w - 37*a + 36*a + 192 = 0. What is the remainder when 38 is divided by (w/10 + -2)*(-35)/(-14)?
5
Let t = 6425 - 5986. What is the remainder when t is divided by 229?
210
Let b be 1 + 1 - (-3 + 3). Suppose f = -b*f + 219. Let a(t) = 1706*t + 8556. Calculate the remainder when f is divided by a(-5).
21
Let t = 8967 - 3419. Calculate the remainder when t is divided by 61.
58
Suppose -16*a = -2*s - 15*a + 8, s - 3*a - 14 = 0. Suppose -4*h = 2*n + 60 - 188, 5*h - 160 = s*n. Calculate the remainder when 508 is divided by h.
28
Suppose -153 - 45 = -9*j. Calculate the remainder when 143 is divided by 781/j - 4/(-8).
35
Let u(y) = y + 26. Let r(k) = k**3 + 7*k**2 - 7*k - 4. Let l be r(-8). Let p = -258 + 397. What is the remainder when p is divided by u(l)?
13
Let t = 7132 + -6371. Calculate the remainder when t is divided by 367.
27
Let l = 18099 + -18090. What is the remainder when 1583 is divided by l?
8
Suppose 13*h - 13*h = 6*h - 30. Let z(s) = -s - 2 + 8 + 8. Calculate the remainder when 69 is divided by z(h).
6
Let f(b) = b**3 + 2*b**2 + 13*b + 61. Calculate the remainder when 1201 is divided by f(-3).
5
Suppose 5*r - 483 = -2*s, -6*s = -s - 5*r - 1260. What is the remainder when 1001 is divided by s?
5
Suppose -5*y + 2*y = -1521. Calculate the remainder when y is divided by -12 + (48/4 - -15).
12
Let x be (-14)/(-105)*5*7*3. Let h(l) = l**2 + 11*l + 20. What is the remainder when h(x) is divided by 34?
30
Let m = 681 - 758. Calculate the remainder when 79 is divided by ((-42)/(-8))/((m/(-56))/11).
37
Let z(q) = -q**3 - 33*q**2 - 5*q - 162. Let g be z(-33). Let d = 2 + -14. Let h = g - d. Calculate the remainder when 58 is divided by h.
13
Let t(i) = -i**3 - 9*i**2 - 7*i - 21. Calculate the remainder when 104 is divided by t(-9).
20
Let z = -7810 + 7935. Calculate the remainder when z is divided by 7.
6
Let c(u) = 66*u**2 - 857*u - 3439. What is the remainder when 3145 is divided by c(-4)?
10
Suppose -y + 25 = -l, -2*y + 4*l - 4 + 56 = 0. Calculate the remainder when 1151 is divided by y.
23
Let u(i) = i**2 + 29*i - 4. Let t be u(-29). What is the remainder when (-31)/t - ((-189)/(-36))/7 is divided by 4?
3
Suppose 3*s - 1932 + 689 = 5*y, -4*y = 4*s - 1604. Calculate the remainder when 1643 is divided by s.
19
Suppose -2*c = 2*n - 244 - 68, 4 - 6 = -2*c. What is the remainder when n is divided by (-52)/(-5)*10/2?
51
Let h = 5667 - 5585. What is the remainder when 276 is divided by h?
30
Suppose -45 = -3*n + 81. Let a(g) be the third derivative of -g**4/24 - 5*g**3/6 + 8*g**2. Calculate the remainder when n is divided by a(-20).
12
Let f(k) = -5*k - 49. Let m be f(-10). Let w(s) = 6*s**2 + s - 1. Let i be w(m). What is the remainder when (176 - -1)/(i/4) is divided by 15?
13
Let p(y) = -40*y - 102. What is the remainder when p(-10) is divided by 96?
10
Suppose -14*l - 5*l + 231 = 14*l. What is the remainder when 80 is divided by l?
3
Let v(m) = m + 57. Let q(f) = f**2 + 4*f - 20. Calculate the remainder when q(-11) is divided by v(-36).
15
Let b(c) = -37*c**2 + 240*c - 10. Calculate the remainder when b(4) is divided by 13.
7
Let y(n) = n**3 + 29*n**2 + 25*n + 9. What is the remainder when y(-28) is divided by 18*(12/(-9)*-4 + -5)?
3
Suppose -7*u - 8 = -29. Suppose -p - u*r + 31 = 0, -2*p + 2*r = -0*p - 38. Calculate the remainder when 151 is divided by p.
19
Let o be -2 + (3 - 1)/(-2). Let s(d) be the first derivative of -5*d**2/2 + 535. Calculate the remainder when s(o) is divided by 9.
6
Let t(q) = 324*q - 780. Calculate the remainder when t(4) is divided by 122.
28
Let c = -2747 - -3021. What is the remainder when c is divided by 90?
4
Suppose -5*a - 4*z + 248 = -828, 2*z - 1